 prime factors of o(9)?
5, 107
Let a = -49 - -49. Let l be (a/1)/((-10)/(-5)). Suppose l = -2*v - 0*v + 64. What are the prime factors of v?
2
Let n(z) = 539*z**2 + 42*z + 19. List the prime factors of n(5).
2, 3, 571
Let c be 0 - 547 - 6/(-9)*6. Let k = -274 - c. What are the prime factors of k?
269
Let d(z) = -4*z**3 - 25*z**2 + 21*z - 13. Let u(l) = 2*l**3 + 13*l**2 - 10*l + 6. Let a(t) = 3*d(t) + 5*u(t). What are the prime factors of a(-8)?
271
Let v = 19889 - 12553. List the prime factors of v.
2, 7, 131
Let o = -26309 - -50849. What are the prime factors of o?
2, 3, 5, 409
Suppose 6*x + 402 = 12. Let f = x + 70. Suppose 3*c - 474 = f*v, -4*c + 2*v + 145 = -473. What are the prime factors of c?
3, 17
Let g = -783 - -777. Let v(x) = -8*x**3 - 5*x**2 + 4*x + 4. List the prime factors of v(g).
2, 191
Let m be ((-5)/15)/((-2)/18). Suppose -1 = -u + m. Suppose 0 = 4*p + u*h - 245 + 1, -5*h + 240 = 4*p. List the prime factors of p.
5, 13
Let c(v) = 0*v - 2 + 14*v**2 - 9*v**2 + 5*v - 14*v. What are the prime factors of c(-6)?
2, 29
Suppose -17*v - 1245 = -32*v. What are the prime factors of v?
83
Suppose 3*s = 2*c + 13, 4*s - c - 15 = 4. Suppose s*d - 6721 = r, -r - 3 = -7. What are the prime factors of d?
5, 269
Suppose 779 = -5*m - 5*u + 2509, -2*u + 1742 = 5*m. Let v = 2074 - m. What are the prime factors of v?
2, 431
Let q be 1/2*5*44. Let f be 6/(2 + (-1 - 107/q)). Suppose 4*w - 104 = f. List the prime factors of w.
3
Let g be 79/9 + 6/27. Suppose g*s = 19*s - 4870. List the prime factors of s.
487
Let c(p) = -2*p**2 - 6*p + 3. Let b be c(-9). Let u = b + 108. Suppose 2*f - 134 = -y, 2*y + y + 183 = u*f. List the prime factors of f.
5, 13
Suppose 2*a - x - 46170 = 0, -12*x - 23089 = -a - 11*x. List the prime factors of a.
23081
Suppose 3*g - 8027 = -4*y, 7667 + 5726 = 5*g + 3*y. Suppose -9*a + 622 = -g. List the prime factors of a.
367
Let x be 9/((-27)/5) + 1/(-3). List the prime factors of (42/(-9) + 3)/(x/300).
2, 5
What are the prime factors of (-9977)/((-6)/(-180)*-10)?
3, 11, 907
Let p = -848 - -1530. List the prime factors of p.
2, 11, 31
What are the prime factors of (-4860)/2025*21615/(-4)?
3, 11, 131
Let n(i) be the second derivative of i**4/12 + 7*i**3/6 - 71*i**2 + 23*i. What are the prime factors of n(-26)?
2, 11
List the prime factors of -11 + 22 - 17 - 40578/(-2).
3, 6761
Let i = 28615 + -18497. What are the prime factors of i?
2, 5059
Suppose 4*c = 3*u - 13, -4 = -2*c - 0*c - 2*u. List the prime factors of c*1/((2/(-495))/2).
3, 5, 11
Suppose 0 = -q - 4*b - 21, -2*b - 2*b = -5*q + 15. Let r be -14 - q/(2/(-4)). List the prime factors of 69*(r/(-3) - 4).
2, 23
Suppose v = 31*j - 33*j + 46111, j + 92247 = 2*v. What are the prime factors of v?
17, 2713
Let y(l) = -l**3 + 9*l**2 + 10*l + 2. Suppose f = -4*u + 96, -3*u + 0*f + 85 = 4*f. Suppose u*n - 21*n = 18. What are the prime factors of y(n)?
2, 23
Suppose z + 31 = 2*x, 19 - 1 = x - 3*z. Let p(f) = -f**3 + 17*f**2 - f - 64. What are the prime factors of p(x)?
7, 53
Suppose -w - z = -781, -3121 = -4*w - 5*z + 4*z. Suppose 19*r - 7*r - w = 0. What are the prime factors of r?
5, 13
Let x be -5*156/90*6/(-2). What are the prime factors of (x/1)/(12/90)?
3, 5, 13
Let l = 384 + -379. Suppose 3*y - 441 = -b + 288, 5*b - 486 = -2*y. Suppose l*r = -4*r + y. List the prime factors of r.
3
Let a = 16 + -12. Let t(x) = 2*x**3 + x**2 - 6*x + 2. Let y(p) = -p**3 + p**2 + p. Let q(u) = -t(u) - 5*y(u). What are the prime factors of q(a)?
2, 7
Let k be 44 + ((-2)/1)/(-2). Let l = 52 - k. Suppose 11*x - l*x = 124. List the prime factors of x.
31
Suppose 52 = 122*x - 192. Let b(u) = u**2 - 2167. Let w be b(0). What are the prime factors of x/(-8) + w/(-44)?
7
Suppose 5*k - r - 439 = 0, 2*r - 4*r = -2. Suppose u - 5*h - 73 = 0, -h - k = -u + h. List the prime factors of u.
2, 7
Suppose -3329 = 18*l - 51639 - 60086. What are the prime factors of l?
2, 3011
Suppose 0 = 4*z - 12*f + 9*f - 93059, z - 23273 = -2*f. List the prime factors of z.
53, 439
Let r = -2152 + 3980. Let x = -1274 + r. List the prime factors of x.
2, 277
Let j = -268 + 9103. What are the prime factors of j?
3, 5, 19, 31
Suppose -o + 20 = o + 2*x, -3*o + 40 = 5*x. Suppose -4*v = 2*b - 2*v - 584, -2*b - o*v + 590 = 0. What are the prime factors of b?
2, 5, 29
Suppose 5*c - 2*k - 29 = 19, -c + 3*k = -20. Suppose -126*a + 114*a + 144 = 0. Suppose -5*y + c = -a. List the prime factors of y.
2
Suppose 0 = 6*b - 3*b - 3*j - 1950, 3*j - 3210 = -5*b. Let o = -414 + b. List the prime factors of o.
3, 7, 11
Let g = 82 + -77. Suppose 0 = -g*k + k + 1352. What are the prime factors of k?
2, 13
Let y = 530 - -431. Suppose -c = y - 2659. List the prime factors of c.
2, 3, 283
Let w be -2*-1*(-5 - -3). Let u be 8/20 - w/(-10). Suppose -i + 3*b + 2 + 33 = u, -i - b = -15. What are the prime factors of i?
2, 5
Suppose -q - 14158 = -2*i, -4*i + 8*q = 3*q - 28310. List the prime factors of i.
2, 3, 5, 59
Suppose 0 = 3*q + 1206 + 1644. List the prime factors of (1 - 234/10)/(20/q).
2, 7, 19
Suppose j = 10 - 5. Let w(d) = 4*d**3 + 3*d**2 + d - 9. Let o(u) = 11*u**3 + 9*u**2 + 3*u - 26. Let l(s) = -6*o(s) + 17*w(s). List the prime factors of l(j).
173
Let k(g) = g**3 + 34*g**2 - 34*g + 53. Let i be k(-35). What are the prime factors of (-3)/(i/(-2964)) - (-3 - 1)?
2, 3, 83
Suppose -3*q - 4*x + 41303 - 4620 = 0, -2*q - 5*x = -24453. List the prime factors of q.
7, 1747
Suppose g - 18 = -0*g. Let t be (-2710)/(-45) + (-4)/g. Let s = 110 - t. What are the prime factors of s?
2, 5
Suppose -2*k = -4*u + 632388, 5*u = 5*k - 0*k + 1580985. What are the prime factors of k/(-720) - ((-10)/12 - -1)?
439
Let j(h) = -4*h**3 + 20*h**2 - 5*h - 8. Let a be j(-5). Suppose 209 - a = -4*b. List the prime factors of b.
2, 101
Suppose -2*a + 117 - 33 = 0. Suppose 4*m + c - a - 30 = 0, m - 5 = 3*c. Suppose -12*l = -m*l + 405. List the prime factors of l.
3
Let m(w) = w**3 - 10*w**2 - 7*w + 25. Let k(o) = -o. Let s(x) = 4*k(x) - m(x). Let r be s(10). Suppose 0 = u + r*u - 408. What are the prime factors of u?
2, 17
Let i(n) = -273*n - 18. Let u be i(6). Let y = u - -2534. List the prime factors of y.
2, 439
Suppose 0 = -11768*g + 11779*g - 178189. List the prime factors of g.
97, 167
Suppose 17*b - 259232 = -17*b + 379696. What are the prime factors of b?
2, 3, 29
Let s = -18252 + 26662. List the prime factors of s.
2, 5, 29
Let q(i) = 8*i - 26. Suppose 6 - 160 = -14*p. What are the prime factors of q(p)?
2, 31
Let j(k) be the first derivative of -k**4/4 + 7*k**3 - k**2/2 + 24*k - 18. Let v be j(21). Suppose 0 = -v*o + 77 + 166. What are the prime factors of o?
3
Suppose 2*g - 11 = -3. Suppose -5*z - 26 = b + 3*b, g*b = 5*z - 6. List the prime factors of 0 - (z - (27 + 0)).
29
Let q be -12*(2/9 - 15320/(-72)). Let j = 3620 + q. List the prime factors of j.
2, 7, 19
Let m(g) = 287*g**2 + 323*g - 5. List the prime factors of m(-5).
5, 11, 101
Let v be (19/(-76))/(252/256 + -1). Suppose -y = v - 851. List the prime factors of y.
5, 167
Let t(o) = o**3 - 8*o - 1. Let l be t(3). What are the prime factors of (-3)/l - 1926/(-12)?
3, 53
Suppose -15*m - 87*m + 994245 = 17*m. List the prime factors of m.
3, 5, 557
Suppose x = 0, -900 = 5*p - 0*x + 3*x. Let i = -84 - p. List the prime factors of ((-102)/8)/(3*(-4)/i).
2, 3, 17
Let x(y) = -2*y**3 - y**2 - 42*y + 15460. What are the prime factors of x(0)?
2, 5, 773
Suppose 6322 = 3*z - z + 2*c, 5*z - c = 15775. Let m be (-16)/(-12) - z/(-9). Suppose -4*h - y + 3*y + m = 0, h = 3*y + 78. List the prime factors of h.
2, 3, 5
Suppose 12*h + 20*h - 65*h + 337524 = 0. What are the prime factors of h?
2, 2557
Let v be -6 + -2 - (-4 - 870). Suppose -o + 2*d - 7*d = -v, -4*o + 5*d + 3514 = 0. What are the prime factors of o?
2, 3, 73
Suppose 2*s = -4*z + 17100, -171*s - 2*z - 42774 = -176*s. List the prime factors of s.
2, 7, 13, 47
Suppose -a = -v - 2*v + 13, -4*v + 34 = 2*a. Suppose -v = -2*m - 0. Suppose 0 = 4*y + m*f - 283, y = -0*y - 5*f + 75. List the prime factors of y.
2, 5, 7
Let d be (-39)/(-91) - (0 + 9/21). Suppose -q - i + 186 = d, 2*i = -q + 6*q - 930. What are the prime factors of q?
2, 3, 31
Suppose 0*w = -3*w + 12, 150 = 2*a - 3*w. Let t = a - 50. Suppose 3*p - 27 = -3*n, 2*p = 2*n + t - 1. What are the prime factors of